f 5074906.
2, 1579, 1607
List the prime factors of 12687812.
2, 23, 137911
List the prime factors of 12141401.
23, 29, 109, 167
List the prime factors of 473547.
3, 23, 6863
List the prime factors of 1763227.
151, 11677
What are the prime factors of 523306?
2, 7, 37379
What are the prime factors of 305036?
2, 76259
What are the prime factors of 1356612?
2, 3, 113051
What are the prime factors of 373680?
2, 3, 5, 173
List the prime factors of 1016035.
5, 203207
List the prime factors of 16688784.
2, 3, 7, 49669
What are the prime factors of 2666476?
2, 41, 71, 229
What are the prime factors of 885078?
2, 3, 49171
List the prime factors of 231749.
7, 33107
List the prime factors of 7909988.
2, 73, 103, 263
What are the prime factors of 5428278?
2, 3, 29, 10399
What are the prime factors of 1723014?
2, 3, 95723
List the prime factors of 459531.
3, 51059
List the prime factors of 554501.
79, 7019
List the prime factors of 12280127.
12280127
List the prime factors of 1214763.
3, 11, 131, 281
What are the prime factors of 1013606?
2, 11, 46073
What are the prime factors of 298786?
2, 149393
List the prime factors of 3463592.
2, 11, 39359
What are the prime factors of 7933310?
2, 5, 7, 11, 10303
List the prime factors of 361545.
3, 5, 24103
List the prime factors of 2018524.
2, 504631
List the prime factors of 463855.
5, 7, 29, 457
List the prime factors of 5447781.
3, 605309
List the prime factors of 40599.
3, 13, 347
What are the prime factors of 3319866?
2, 3, 11, 23
List the prime factors of 139295.
5, 13, 2143
What are the prime factors of 813885?
3, 5, 29, 1871
What are the prime factors of 141877?
337, 421
List the prime factors of 1173228.
2, 3, 7, 13967
What are the prime factors of 2046675?
3, 5, 29, 941
List the prime factors of 124410.
2, 3, 5, 11, 13, 29
List the prime factors of 864848.
2, 191, 283
List the prime factors of 14773541.
59, 241, 1039
List the prime factors of 1728687.
3, 239, 2411
List the prime factors of 18706320.
2, 3, 5, 25981
What are the prime factors of 4482955?
5, 19, 47189
List the prime factors of 3342033.
3, 41, 3019
What are the prime factors of 1001530?
2, 5, 100153
List the prime factors of 1520898.
2, 3, 23, 103, 107
What are the prime factors of 511507?
511507
List the prime factors of 9863749.
7, 47, 4283
List the prime factors of 751068.
2, 3, 31, 673
List the prime factors of 9694406.
2, 79, 61357
What are the prime factors of 6907934?
2, 11, 313997
What are the prime factors of 4098623?
19, 23, 83, 113
What are the prime factors of 11855574?
2, 3, 658643
List the prime factors of 2708569.
353, 7673
What are the prime factors of 5013756?
2, 3, 11, 1151
What are the prime factors of 497839?
497839
List the prime factors of 550790.
2, 5, 55079
What are the prime factors of 1667084?
2, 409, 1019
List the prime factors of 359457.
3, 7, 17117
List the prime factors of 16313.
11, 1483
List the prime factors of 25099958.
2, 13, 89, 10847
List the prime factors of 19325882.
2, 67, 144223
List the prime factors of 9541506.
2, 3, 13, 122327
What are the prime factors of 392473?
392473
List the prime factors of 272130.
2, 3, 5, 47, 193
List the prime factors of 509975.
5, 20399
What are the prime factors of 1550022?
2, 3, 258337
What are the prime factors of 12816464?
2, 73, 10973
What are the prime factors of 1068744?
2, 3, 44531
What are the prime factors of 4276870?
2, 5, 13, 167, 197
What are the prime factors of 114812?
2, 28703
List the prime factors of 3893197.
7, 11, 31, 233
What are the prime factors of 284444?
2, 17, 47, 89
What are the prime factors of 375465?
3, 5, 25031
List the prime factors of 126033.
3, 43, 977
What are the prime factors of 619998?
2, 3, 103333
List the prime factors of 302839.
31, 9769
What are the prime factors of 2651392?
2, 10357
List the prime factors of 1065351.
3, 7, 97, 523
List the prime factors of 909648.
2, 3, 6317
List the prime factors of 1086129.
3, 11, 23, 53
List the prime factors of 16051150.
2, 5, 89, 3607
List the prime factors of 6958927.
29, 239963
List the prime factors of 1187034.
2, 3, 37, 5347
What are the prime factors of 19402311?
3, 31, 208627
What are the prime factors of 485631?
3, 53959
What are the prime factors of 823114?
2, 411557
List the prime factors of 36358041.
3, 12119347
What are the prime factors of 134287?
134287
List the prime factors of 7104532.
2, 1776133
What are the prime factors of 2576684?
2, 11, 157, 373
What are the prime factors of 10506289?
17, 79, 7823
List the prime factors of 27943102.
2, 11, 1270141
List the prime factors of 2468499.
3, 11, 19, 31, 127
List the prime factors of 118608.
2, 3, 7, 353
List the prime factors of 2401483.
7, 53, 6473
List the prime factors of 3506482.
2, 7, 47, 73
List the prime factors of 12267799.
47, 261017
What are the prime factors of 109274?
2, 11, 4967
List the prime factors of 487848.
2, 3, 20327
What are the prime factors of 14168195?
5, 449, 6311
What are the prime factors of 309642?
2, 3, 51607
What are the prime factors of 5501827?
5501827
What are the prime factors of 1128091?
1128091
List the prime factors of 23180.
2, 5, 19, 61
What are the prime factors of 3081102?
2, 3, 53, 9689
What are the prime factors of 3858084?
2, 3, 139, 257
List the prime factors of 1125198.
2, 3, 67, 311
What are the prime factors of 6592875?
3, 5, 17581
What are the prime factors of 2375281?
59, 127, 317
What are the prime factors of 1510329?
3, 19, 26497
List the prime factors of 244984.
2, 113, 271
What are the prime factors of 75363?
3, 25121
What are the prime factors of 10774030?
2, 5, 37, 787
What are the prime factors of 40770327?
3, 13, 1045393
List the prime factors of 970068.
2, 3, 11, 7349
What are the prime factors of 8041435?
5, 131, 12277
What are the prime factors of 9408806?
2, 11, 97, 4409
List the prime factors of 4146193.
4146193
What are the prime factors of 5720552?
2, 715069
What are the prime factors of 1706660?
2, 5, 85333
What are the prime factors of 11056082?
2, 5528041
What are the prime factors of 18008623?
29, 103, 6029
What are the prime factors of 18012768?
2, 3, 187633
What are the prime factors of 3644858?
2, 7, 139, 1873
What are the prime factors of 4743800?
2, 5, 23719
List the prime factors of 344388.
2, 3, 11, 2609
What are the prime factors of 1317944?
2, 164743
What are the prime factors of 1951670?
2, 5, 7, 569
List the prime factors of 103060.
2, 5, 5153
What are the prime factors of 169809?
3, 23, 107
What are the prime factors of 185456?
2, 67, 173
List the prime factors of 7154779.
1949, 3671
What are the prime factors of 51385?
5, 43, 239
List the prime factors of 1584751.
7, 31, 67, 109
List the prime factors of 3024849.
3, 67, 101, 149
List the prime factors of 193183.
193183
List the prime factors of 252051.
3, 84017
List the prime factors of 214417.
7, 30631
List the prime factors of 656889.
3, 218963
What are the prime factors of 153525?
3, 5, 23, 89
What are the prime factors of 1796721?
3, 761, 787
List the prime factors of 2545529.
7, 17, 21391
What are the prime factors of 1252528?
2, 78283
What are the prime factors of 1895928?
2, 3, 197, 401
List the prime factors of 204465.
3, 5, 43, 317
What are the prime factors of 1681029?
3, 7, 26683
What are the prime factors of 1531401?
3, 47, 10861
What are the prime factors of 338247?
3, 7, 13, 59
List the prime factors of 232044.
2, 3, 61, 317
List the prime factors of 80575.
5, 11, 293
What are the prime factors of 183148?
2, 7, 31, 211
What are the prime factors of 329884?
2, 82471
What are the prime factors of 1497587?
7, 13, 2351
List the prime factors of 14514701.
14514701
List the prime factors of 4680216.
2, 3, 65003
What are the prime factors of 1478774?
2, 11, 67217
What are the prime factors of 43752?
2, 3, 1823
What are the prime factors of 1609713?
3, 7, 17, 167
List the prime factors of 136098.
2, 3, 7561
What are the prime factors of 99772?
2, 24943
List the prime factors of 7725996.
2, 3, 71537
What are the prime factors of 111653?
111653
List the prime factors of 38830957.
11, 269, 1193
List the prime factors of 22829216.
2, 43, 47, 353
What are the prime factors of 206975?
5, 17, 487
What are the prime factors of 579631?
13, 44587
What are the prime factors of 5819348?
2, 229, 6353
W